{"id":60,"date":"2023-07-30T21:53:51","date_gmt":"2023-07-30T21:53:51","guid":{"rendered":"https:\/\/www.outsiderland.com\/psychanalyse63\/?page_id=60"},"modified":"2025-03-13T19:18:38","modified_gmt":"2025-03-13T19:18:38","slug":"contact-acces","status":"publish","type":"page","link":"https:\/\/www.outsiderland.com\/psychanalyse\/contact-acces\/","title":{"rendered":"Contact\/Acc\u00e8s"},"content":{"rendered":"<p>Le cabinet est situ\u00e9 au 4 place des Martyrs \u00e0 Thiers (63300).<\/p>\n<p><iframe src=\"https:\/\/www.google.com\/maps\/embed?pb=!1m18!1m12!1m3!1d3614.707498117972!2d3.54597724406912!3d45.85381632396242!2m3!1f0!2f0!3f0!3m2!1i1024!2i768!4f13.1!3m3!1m2!1s0x47f6bfe6b5f99f05%3A0xc697cb3d05e4adf4!2s4%20Pl.%20des%20Martyrs%20de%20la%20D%C3%A9portation%2C%2063300%20Thiers!5e1!3m2!1sfr!2sfr!4v1738691942385!5m2!1sfr!2sfr\" width=\"600\" height=\"450\" style=\"border:0;\" allowfullscreen=\"\" loading=\"lazy\" referrerpolicy=\"no-referrer-when-downgrade\"><\/iframe><\/p>\n<p>Pour me contacter, n&#8217;h\u00e9sitez pas \u00e0 m&#8217;appeler au  06 51 07 13 04 ou bien par mail (vincent\u2027seguret[arobase]outsiderland[point]com)  sans oublier de me laisser vos coordonn\u00e9es. Merci !<\/p>\n","protected":false},"excerpt":{"rendered":"<p>Le cabinet est situ\u00e9 au 4 place des Martyrs \u00e0 Thiers (63300). Pour me contacter, n&#8217;h\u00e9sitez pas \u00e0 m&#8217;appeler au 06 51 07 13 04 ou bien par mail (vincent\u2027seguret[arobase]outsiderland[point]com) sans oublier de me laisser vos coordonn\u00e9es. Merci !<\/p>\n","protected":false},"author":1,"featured_media":0,"parent":0,"menu_order":0,"comment_status":"closed","ping_status":"closed","template":"","meta":{"footnotes":""},"class_list":["post-60","page","type-page","status-publish","hentry"],"yoast_head":"<!-- This site is optimized with the Yoast SEO plugin v20.12 - https:\/\/yoast.com\/wordpress\/plugins\/seo\/ -->\n<title>Contact\/Acc\u00e8s - Vincent S\u00e9guret. Psychanalyste<\/title>\n<meta name=\"robots\" content=\"index, follow, max-snippet:-1, max-image-preview:large, max-video-preview:-1\" \/>\n<link rel=\"canonical\" href=\"https:\/\/www.outsiderland.com\/psychanalyse\/contact-acces\/\" \/>\n<meta property=\"og:locale\" content=\"fr_FR\" \/>\n<meta property=\"og:type\" content=\"article\" \/>\n<meta property=\"og:title\" content=\"Contact\/Acc\u00e8s - Vincent S\u00e9guret. Psychanalyste\" \/>\n<meta property=\"og:description\" content=\"Le cabinet est situ\u00e9 au 4 place des Martyrs \u00e0 Thiers (63300). Pour me contacter, n&#8217;h\u00e9sitez pas \u00e0 m&#8217;appeler au 06 51 07 13 04 ou bien par mail (vincent\u2027seguret[arobase]outsiderland[point]com) sans oublier de me laisser vos coordonn\u00e9es. Merci !\" \/>\n<meta property=\"og:url\" content=\"https:\/\/www.outsiderland.com\/psychanalyse\/contact-acces\/\" \/>\n<meta property=\"og:site_name\" content=\"Vincent S\u00e9guret. Psychanalyste\" \/>\n<meta property=\"article:modified_time\" content=\"2025-03-13T19:18:38+00:00\" \/>\n<meta name=\"twitter:card\" content=\"summary_large_image\" \/>\n<meta name=\"twitter:label1\" content=\"Dur\u00e9e de lecture estim\u00e9e\" \/>\n\t<meta name=\"twitter:data1\" content=\"1 minute\" \/>\n<script type=\"application\/ld+json\" class=\"yoast-schema-graph\">{\"@context\":\"https:\/\/schema.org\",\"@graph\":[{\"@type\":\"WebPage\",\"@id\":\"https:\/\/www.outsiderland.com\/psychanalyse\/contact-acces\/\",\"url\":\"https:\/\/www.outsiderland.com\/psychanalyse\/contact-acces\/\",\"name\":\"Contact\/Acc\u00e8s - Vincent S\u00e9guret. Psychanalyste\",\"isPartOf\":{\"@id\":\"https:\/\/www.outsiderland.com\/psychanalyse\/#website\"},\"datePublished\":\"2023-07-30T21:53:51+00:00\",\"dateModified\":\"2025-03-13T19:18:38+00:00\",\"breadcrumb\":{\"@id\":\"https:\/\/www.outsiderland.com\/psychanalyse\/contact-acces\/#breadcrumb\"},\"inLanguage\":\"fr-FR\",\"potentialAction\":[{\"@type\":\"ReadAction\",\"target\":[\"https:\/\/www.outsiderland.com\/psychanalyse\/contact-acces\/\"]}]},{\"@type\":\"BreadcrumbList\",\"@id\":\"https:\/\/www.outsiderland.com\/psychanalyse\/contact-acces\/#breadcrumb\",\"itemListElement\":[{\"@type\":\"ListItem\",\"position\":1,\"name\":\"Accueil\",\"item\":\"https:\/\/www.outsiderland.com\/psychanalyse\/\"},{\"@type\":\"ListItem\",\"position\":2,\"name\":\"Contact\/Acc\u00e8s\"}]},{\"@type\":\"WebSite\",\"@id\":\"https:\/\/www.outsiderland.com\/psychanalyse\/#website\",\"url\":\"https:\/\/www.outsiderland.com\/psychanalyse\/\",\"name\":\"Vincent S\u00e9guret. Psychanalyste\",\"description\":\"4, place des martyrs, 63300 Thiers - 06 51 07 13 04\",\"publisher\":{\"@id\":\"https:\/\/www.outsiderland.com\/psychanalyse\/#\/schema\/person\/65a93fcbb9a1cf64a7cb303a4340e786\"},\"potentialAction\":[{\"@type\":\"SearchAction\",\"target\":{\"@type\":\"EntryPoint\",\"urlTemplate\":\"https:\/\/www.outsiderland.com\/psychanalyse\/?s={search_term_string}\"},\"query-input\":\"required name=search_term_string\"}],\"inLanguage\":\"fr-FR\"},{\"@type\":[\"Person\",\"Organization\"],\"@id\":\"https:\/\/www.outsiderland.com\/psychanalyse\/#\/schema\/person\/65a93fcbb9a1cf64a7cb303a4340e786\",\"name\":\"vincent.seguret\",\"image\":{\"@type\":\"ImageObject\",\"inLanguage\":\"fr-FR\",\"@id\":\"https:\/\/www.outsiderland.com\/psychanalyse\/#\/schema\/person\/image\/\",\"url\":\"https:\/\/secure.gravatar.com\/avatar\/2815e37918ad9ae4ffc1b078f52966d977f6e0a31e20b009bd2d767b84b78ad4?s=96&d=mm&r=g\",\"contentUrl\":\"https:\/\/secure.gravatar.com\/avatar\/2815e37918ad9ae4ffc1b078f52966d977f6e0a31e20b009bd2d767b84b78ad4?s=96&d=mm&r=g\",\"caption\":\"vincent.seguret\"},\"logo\":{\"@id\":\"https:\/\/www.outsiderland.com\/psychanalyse\/#\/schema\/person\/image\/\"},\"sameAs\":[\"https:\/\/www.outsiderland.com\/psychanalyse63\"]}]}<\/script>\n<!-- \/ Yoast SEO plugin. -->","yoast_head_json":{"title":"Contact\/Acc\u00e8s - Vincent S\u00e9guret. Psychanalyste","robots":{"index":"index","follow":"follow","max-snippet":"max-snippet:-1","max-image-preview":"max-image-preview:large","max-video-preview":"max-video-preview:-1"},"canonical":"https:\/\/www.outsiderland.com\/psychanalyse\/contact-acces\/","og_locale":"fr_FR","og_type":"article","og_title":"Contact\/Acc\u00e8s - Vincent S\u00e9guret. Psychanalyste","og_description":"Le cabinet est situ\u00e9 au 4 place des Martyrs \u00e0 Thiers (63300). Pour me contacter, n&#8217;h\u00e9sitez pas \u00e0 m&#8217;appeler au 06 51 07 13 04 ou bien par mail (vincent\u2027seguret[arobase]outsiderland[point]com) sans oublier de me laisser vos coordonn\u00e9es. Merci !","og_url":"https:\/\/www.outsiderland.com\/psychanalyse\/contact-acces\/","og_site_name":"Vincent S\u00e9guret. Psychanalyste","article_modified_time":"2025-03-13T19:18:38+00:00","twitter_card":"summary_large_image","twitter_misc":{"Dur\u00e9e de lecture estim\u00e9e":"1 minute"},"schema":{"@context":"https:\/\/schema.org","@graph":[{"@type":"WebPage","@id":"https:\/\/www.outsiderland.com\/psychanalyse\/contact-acces\/","url":"https:\/\/www.outsiderland.com\/psychanalyse\/contact-acces\/","name":"Contact\/Acc\u00e8s - Vincent S\u00e9guret. Psychanalyste","isPartOf":{"@id":"https:\/\/www.outsiderland.com\/psychanalyse\/#website"},"datePublished":"2023-07-30T21:53:51+00:00","dateModified":"2025-03-13T19:18:38+00:00","breadcrumb":{"@id":"https:\/\/www.outsiderland.com\/psychanalyse\/contact-acces\/#breadcrumb"},"inLanguage":"fr-FR","potentialAction":[{"@type":"ReadAction","target":["https:\/\/www.outsiderland.com\/psychanalyse\/contact-acces\/"]}]},{"@type":"BreadcrumbList","@id":"https:\/\/www.outsiderland.com\/psychanalyse\/contact-acces\/#breadcrumb","itemListElement":[{"@type":"ListItem","position":1,"name":"Accueil","item":"https:\/\/www.outsiderland.com\/psychanalyse\/"},{"@type":"ListItem","position":2,"name":"Contact\/Acc\u00e8s"}]},{"@type":"WebSite","@id":"https:\/\/www.outsiderland.com\/psychanalyse\/#website","url":"https:\/\/www.outsiderland.com\/psychanalyse\/","name":"Vincent S\u00e9guret. Psychanalyste","description":"4, place des martyrs, 63300 Thiers - 06 51 07 13 04","publisher":{"@id":"https:\/\/www.outsiderland.com\/psychanalyse\/#\/schema\/person\/65a93fcbb9a1cf64a7cb303a4340e786"},"potentialAction":[{"@type":"SearchAction","target":{"@type":"EntryPoint","urlTemplate":"https:\/\/www.outsiderland.com\/psychanalyse\/?s={search_term_string}"},"query-input":"required name=search_term_string"}],"inLanguage":"fr-FR"},{"@type":["Person","Organization"],"@id":"https:\/\/www.outsiderland.com\/psychanalyse\/#\/schema\/person\/65a93fcbb9a1cf64a7cb303a4340e786","name":"vincent.seguret","image":{"@type":"ImageObject","inLanguage":"fr-FR","@id":"https:\/\/www.outsiderland.com\/psychanalyse\/#\/schema\/person\/image\/","url":"https:\/\/secure.gravatar.com\/avatar\/2815e37918ad9ae4ffc1b078f52966d977f6e0a31e20b009bd2d767b84b78ad4?s=96&d=mm&r=g","contentUrl":"https:\/\/secure.gravatar.com\/avatar\/2815e37918ad9ae4ffc1b078f52966d977f6e0a31e20b009bd2d767b84b78ad4?s=96&d=mm&r=g","caption":"vincent.seguret"},"logo":{"@id":"https:\/\/www.outsiderland.com\/psychanalyse\/#\/schema\/person\/image\/"},"sameAs":["https:\/\/www.outsiderland.com\/psychanalyse63"]}]}},"_links":{"self":[{"href":"https:\/\/www.outsiderland.com\/psychanalyse\/wp-json\/wp\/v2\/pages\/60","targetHints":{"allow":["GET"]}}],"collection":[{"href":"https:\/\/www.outsiderland.com\/psychanalyse\/wp-json\/wp\/v2\/pages"}],"about":[{"href":"https:\/\/www.outsiderland.com\/psychanalyse\/wp-json\/wp\/v2\/types\/page"}],"author":[{"embeddable":true,"href":"https:\/\/www.outsiderland.com\/psychanalyse\/wp-json\/wp\/v2\/users\/1"}],"replies":[{"embeddable":true,"href":"https:\/\/www.outsiderland.com\/psychanalyse\/wp-json\/wp\/v2\/comments?post=60"}],"version-history":[{"count":10,"href":"https:\/\/www.outsiderland.com\/psychanalyse\/wp-json\/wp\/v2\/pages\/60\/revisions"}],"predecessor-version":[{"id":146,"href":"https:\/\/www.outsiderland.com\/psychanalyse\/wp-json\/wp\/v2\/pages\/60\/revisions\/146"}],"wp:attachment":[{"href":"https:\/\/www.outsiderland.com\/psychanalyse\/wp-json\/wp\/v2\/media?parent=60"}],"curies":[{"name":"wp","href":"https:\/\/api.w.org\/{rel}","templated":true}]}}