{"id":134,"date":"2015-10-03T22:29:18","date_gmt":"2015-10-03T21:29:18","guid":{"rendered":"https:\/\/outsiderland.com\/orpailleur\/?page_id=134"},"modified":"2026-02-11T12:59:34","modified_gmt":"2026-02-11T12:59:34","slug":"la-saison-des-epeires","status":"publish","type":"page","link":"https:\/\/www.outsiderland.com\/orpailleur2\/catalogue\/la-saison-des-epeires\/","title":{"rendered":"La saison des \u00e9peires"},"content":{"rendered":"<p><a href=\"https:\/\/www.outsiderland.com\/orpailleur2\/wp-content\/uploads\/2015\/09\/Couverture-La-saison-des-%C3%A9peires-pour-souscription.jpg\"><img loading=\"lazy\" decoding=\"async\" class=\"size-medium wp-image-8 alignleft\" src=\"https:\/\/www.outsiderland.com\/orpailleur2\/wp-content\/uploads\/2015\/09\/Couverture-La-saison-des-epeires-pour-souscription-213x300.jpg\" alt=\"\" width=\"213\" height=\"300\" srcset=\"https:\/\/www.outsiderland.com\/orpailleur2\/wp-content\/uploads\/2015\/09\/Couverture-La-saison-des-epeires-pour-souscription-213x300.jpg 213w, https:\/\/www.outsiderland.com\/orpailleur2\/wp-content\/uploads\/2015\/09\/Couverture-La-saison-des-epeires-pour-souscription.jpg 284w\" sizes=\"auto, (max-width: 213px) 100vw, 213px\" \/><\/a><strong>4\u00e8me de couverture :<\/strong><\/p>\n<p style=\"text-align: left;\"><em>Cette nouvelle singuli\u00e8re n\u2019appartient \u00e0 aucun genre r\u00e9pertori\u00e9 dans le registre des \u00e9critures toxiques. Ecrite sur une p\u00e9riode de vingt-trois ans, elle secr\u00e8te patiemment ses fils visqueux espa\u00e7ant les spires d\u2019une toile narrative aux g\u00e9om\u00e9tries improbables o\u00f9 se succ\u00e8dent affrontements grotesques et absences myst\u00e9rieuses. R\u00e9cit-faussaire hallucin\u00e9, conte cruel poisseux tel une peau de phoque, <\/em>La saison des \u00e9peires<em> constitue l\u2019histoire d\u2019une vie surv\u00e9cue qui, empruntant aux chants d\u2019amour et de mort, se dit par n\u00e9cessit\u00e9, puis se retire en silence.\u00a0\u00a0\u00a0\u00a0 <\/em>Michel Delville<\/p>\n<p>&nbsp;<\/p>\n<hr \/>\n<p style=\"text-align: left;\"><strong>Lisez les 3 premi\u00e8res pages du livre<\/strong> en cliquant <a href=\"http:\/\/ahp.li\/5126fffd8ee62bf7aae4.pdf\" target=\"_blank\" rel=\"noopener\">ici.<\/a><\/p>\n<hr \/>\n<p>Date de parution : 30 mai 2014<br \/>\nFormat : 13,5 x 19 cm<br \/>\nNombre de pages : 64<br \/>\nPrix : 12\u20ac (frais de port offerts)<\/p>\n<form action=\"https:\/\/www.paypal.com\/cgi-bin\/webscr\" method=\"post\" target=\" paypal \"><input name=\"cmd\" type=\"hidden\" value=\"_cart\" \/><input name=\"business\" type=\"hidden\" value=\"lorpailleur@orange.fr\" \/><input name=\"lc\" type=\"hidden\" value=\"FR\" \/><input name=\"item_name\" type=\"hidden\" value=\"La saison des \u00e9peires\" \/><input name=\"amount\" type=\"hidden\" value=\"12.00\" \/><input name=\"currency_code\" type=\"hidden\" value=\"EUR\" \/><input name=\"button_subtype\" type=\"hidden\" value=\"products\" \/><input name=\"add\" type=\"hidden\" value=\"1\" \/><input name=\"bn\" type=\"hidden\" value=\"PP-ShopCartBF:btn_cart_LG.gif:NonHosted\" \/><input alt=\"PayPal - la solution de paiement en ligne la plus simple et la plus s\u00e9curis\u00e9e !\" name=\"submit\" src=\"https:\/\/www.paypalobjects.com\/fr_FR\/FR\/i\/btn\/btn_cart_LG.gif\" type=\"image\" \/><img loading=\"lazy\" decoding=\"async\" src=\"https:\/\/www.paypalobjects.com\/fr_FR\/i\/scr\/pixel.gif\" alt=\"\" width=\"1\" height=\"1\" border=\"0\" \/><\/form>\n<p>&nbsp;<\/p>\n<hr \/>\n<p style=\"text-align: left;\"><strong>Une \u00e9vocation sonore originale\u00a0<u><i><b>Spiders of Mercy <\/b><\/i><\/u>par Jean M. Mathoul <\/strong>(cymbals, soundscapes, spiders&rsquo;stridulations &amp; tibetan singing bowls )<i><b> <\/b><\/i> est \u00e0 retrouver <a href=\"https:\/\/sd-5b.archive-host.com\/membres\/playlist\/cf7267cdfebbaca9a70d39be54bb00702eaeae52\/rentree_litteraire\/Spiders_of_mercy.mp3\" target=\"_blank\" rel=\"noopener\">ici<\/a>.<\/p>\n<hr \/>\n<p style=\"text-align: left;\"><strong>Critiques<\/strong><\/p>\n<p><strong>L\u2019\u00e9mission Bande Originale de Livres<\/strong> du 13 mars 2023, sur Radioactiv\u2019, \u00e9tait consacr\u00e9e au roman. Vous pouvez l\u2019\u00e9couter <a href=\"https:\/\/ahp.li\/513d74306e98759ad949.mp3\" target=\"_blank\" rel=\"noopener\"><strong>ici<\/strong><\/a>.<\/p>\n<p>**********<\/p>\n<p><strong>La critique du roman sur le site Litzic<\/strong> est \u00e0 lire <a href=\"https:\/\/litzic.fr\/chronique-roman\/jean-m-mathoul-la-saison-des-epeires\/\" target=\"_blank\" rel=\"noopener\"><strong>ici<\/strong><\/a>.<\/p>\n<p>**********<\/p>\n<p>Une chronique de Eric Therer parue dans le mensuel <a href=\"http:\/\/rifraf.be\/fr\/\" target=\"_blank\" rel=\"noopener\">RifRaf<\/a> (Belgique) \u00e0 lire <a href=\"http:\/\/ahp.li\/fc9f4a943a9844ae34bd.pdf\" target=\"_blank\" rel=\"noopener\">ici<\/a>.<\/p>\n<p>**********<\/p>\n<p><i>\u00ab\u00a0U<\/i><i>ne pluie f\u00e9roce de nuit a d\u00e9gringol\u00e9 du ciel tout comme <u>La saison des \u00e9peires<\/u> a d\u00e9gringol\u00e9 sur ma nuit, je voue une passion irr\u00e9vocable aux Louves &#8230;\u00a0\u00bb<\/i> C. (France)<\/p>\n<hr \/>\n<p style=\"text-align: left;\"><strong>Liens<\/strong><\/p>\n<p style=\"text-align: left;\">Jean M. Mathoul \u00e9tait l&rsquo;architecte sonore du collectif musical 48 Cameras. Retrouvez toute leur musique <a href=\"https:\/\/48cameras.bandcamp.com\/music\" target=\"_blank\" rel=\"noopener\">ici<\/a>.<\/p>\n<p style=\"text-align: left;\">\n","protected":false},"excerpt":{"rendered":"<p>4\u00e8me de couverture : Cette nouvelle singuli\u00e8re n\u2019appartient \u00e0 aucun genre r\u00e9pertori\u00e9 dans le registre des \u00e9critures toxiques. Ecrite sur une p\u00e9riode de vingt-trois ans, elle secr\u00e8te patiemment ses fils visqueux espa\u00e7ant les spires d\u2019une toile narrative aux g\u00e9om\u00e9tries improbables <a class=\"more-link\" href=\"https:\/\/www.outsiderland.com\/orpailleur2\/catalogue\/la-saison-des-epeires\/\">Continuer la lecture <span class=\"screen-reader-text\">  La saison des \u00e9peires<\/span><span class=\"meta-nav\">&rarr;<\/span><\/a><\/p>\n","protected":false},"author":1,"featured_media":0,"parent":1476,"menu_order":2,"comment_status":"closed","ping_status":"closed","template":"","meta":{"footnotes":""},"class_list":["post-134","page","type-page","status-publish","hentry"],"_links":{"self":[{"href":"https:\/\/www.outsiderland.com\/orpailleur2\/wp-json\/wp\/v2\/pages\/134","targetHints":{"allow":["GET"]}}],"collection":[{"href":"https:\/\/www.outsiderland.com\/orpailleur2\/wp-json\/wp\/v2\/pages"}],"about":[{"href":"https:\/\/www.outsiderland.com\/orpailleur2\/wp-json\/wp\/v2\/types\/page"}],"author":[{"embeddable":true,"href":"https:\/\/www.outsiderland.com\/orpailleur2\/wp-json\/wp\/v2\/users\/1"}],"replies":[{"embeddable":true,"href":"https:\/\/www.outsiderland.com\/orpailleur2\/wp-json\/wp\/v2\/comments?post=134"}],"version-history":[{"count":3,"href":"https:\/\/www.outsiderland.com\/orpailleur2\/wp-json\/wp\/v2\/pages\/134\/revisions"}],"predecessor-version":[{"id":1564,"href":"https:\/\/www.outsiderland.com\/orpailleur2\/wp-json\/wp\/v2\/pages\/134\/revisions\/1564"}],"up":[{"embeddable":true,"href":"https:\/\/www.outsiderland.com\/orpailleur2\/wp-json\/wp\/v2\/pages\/1476"}],"wp:attachment":[{"href":"https:\/\/www.outsiderland.com\/orpailleur2\/wp-json\/wp\/v2\/media?parent=134"}],"curies":[{"name":"wp","href":"https:\/\/api.w.org\/{rel}","templated":true}]}}