{"id":1082,"date":"2023-08-22T13:07:17","date_gmt":"2023-08-22T12:07:17","guid":{"rendered":"https:\/\/outsiderland.com\/orpailleur\/?page_id=1082"},"modified":"2023-08-22T13:07:17","modified_gmt":"2023-08-22T12:07:17","slug":"renouer-les-liens","status":"publish","type":"page","link":"https:\/\/www.outsiderland.com\/orpailleur2\/catalogue\/renouer-les-liens\/","title":{"rendered":"Renouer les liens"},"content":{"rendered":"<p><a href=\"https:\/\/www.outsiderland.com\/orpailleur2\/wp-content\/uploads\/2015\/10\/Recto-Renouer-les-liens-avec-cadre-150dpi.jpg\" rel=\"attachment wp-att-1053\"><img loading=\"lazy\" decoding=\"async\" class=\"alignleft size-medium wp-image-1053\" src=\"https:\/\/www.outsiderland.com\/orpailleur2\/wp-content\/uploads\/2015\/10\/Recto-Renouer-les-liens-avec-cadre-150dpi-213x300.jpg\" alt=\"Recto Renouer les liens avec cadre 150dpi\" width=\"213\" height=\"300\" srcset=\"https:\/\/www.outsiderland.com\/orpailleur2\/wp-content\/uploads\/2015\/10\/Recto-Renouer-les-liens-avec-cadre-150dpi-213x300.jpg 213w, https:\/\/www.outsiderland.com\/orpailleur2\/wp-content\/uploads\/2015\/10\/Recto-Renouer-les-liens-avec-cadre-150dpi-727x1024.jpg 727w, https:\/\/www.outsiderland.com\/orpailleur2\/wp-content\/uploads\/2015\/10\/Recto-Renouer-les-liens-avec-cadre-150dpi-768x1081.jpg 768w, https:\/\/www.outsiderland.com\/orpailleur2\/wp-content\/uploads\/2015\/10\/Recto-Renouer-les-liens-avec-cadre-150dpi.jpg 797w\" sizes=\"auto, (max-width: 213px) 100vw, 213px\" \/><\/a><strong>4\u00e8me de couverture :<\/strong><\/p>\n<p style=\"text-align: justify;\"><em>De nos jours, le narrateur, \u00e9minent sp\u00e9cialiste des tapis anciens de valeur, apr\u00e8s avoir contract\u00e9 le virus Covid 19, fait connaissance avec la petite mort, malaise inconnu, persistant. L\u2019\u00e9vidence est alors pour lui de retrouver Layla Ch\u00e9rifa, qui l\u2019avait aid\u00e9 enfant, alors qu\u2019il traversait le Sahara libyque avec son p\u00e8re ; seule la femme Targuie pourra le gu\u00e9rir, lui \u00f4ter ce mal profond qui l\u2019\u00e9treint. Cette qu\u00eate, au soir de son existence, sera faite de rencontres, comme celles, tout au long de sa vie, de ces hommes et ces femmes qui l\u2019ont fa\u00e7onn\u00e9 et l\u2019ont nourri.<br \/>\nPascal Carr\u00e8re confirme avec cet ouvrage qu\u2019il est un conteur hors pair. Tel ces griots du S\u00e9n\u00e9gal ou du Burkina Faso, tout au long de sa narration, il nous donne envie de nous allonger sur une natte, nous blottir contre un coussin pour mieux nous impr\u00e9gner de la richesse de ses histoires. Ici, entre l\u2019univers du tissage ancien et les peuples du Sahel, tout concourt \u00e0 nous faire voyager avec un plaisir immense.<br \/>\n<\/em><\/p>\n<p style=\"text-align: right;\"><strong>Philippe Large<\/strong><\/p>\n<hr \/>\n<p style=\"text-align: left;\"><strong>Lisez les 3 premi\u00e8res pages<\/strong> du livre en cliquant <a href=\"https:\/\/ahp.li\/73c749274bec9083dcb3.pdf\" target=\"_blank\"><strong>ici<\/strong>.<\/a><\/p>\n<hr \/>\n<p>Date de parution : ao\u00fbt<span style=\"color: #000000;\"> 2023<\/span><br \/>\nFormat : 13,5 x 19 cm<br \/>\nNombre de pages : 144<br \/>\nPrix : <strong><span style=\"color: #339966;\">14\u20ac<\/span><\/strong> <span style=\"color: #008000;\"><span style=\"color: #000000;\">(<\/span><\/span>frais de port offerts)<\/td>\n<div>\n<form action=\"https:\/\/www.paypal.com\/cgi-bin\/webscr\" method=\"post\" target=\" paypal \"><input name=\"cmd\" type=\"hidden\" value=\"_cart\" \/><input name=\"business\" type=\"hidden\" value=\"lorpailleur@orange.fr\" \/><input name=\"lc\" type=\"hidden\" value=\"FR\" \/><input name=\"item_name\" type=\"hidden\" value=\"Renouer les liens\" \/><input name=\"amount\" type=\"hidden\" value=\"14.00\" \/><input name=\"currency_code\" type=\"hidden\" value=\"EUR\" \/><input name=\"button_subtype\" type=\"hidden\" value=\"products\" \/><input name=\"add\" type=\"hidden\" value=\"1\" \/><input name=\"bn\" type=\"hidden\" value=\"PP-ShopCartBF:btn_cart_LG.gif:NonHosted\" \/><br \/>\n<input alt=\"PayPal - la solution de paiement en ligne la plus simple et la plus s\u00e9curis\u00e9e !\" name=\"submit\" src=\"https:\/\/www.paypalobjects.com\/fr_FR\/FR\/i\/btn\/btn_cart_LG.gif\" type=\"image\" \/><img loading=\"lazy\" decoding=\"async\" src=\"https:\/\/www.paypalobjects.com\/fr_FR\/i\/scr\/pixel.gif\" alt=\"\" width=\"1\" height=\"1\" border=\"0\" \/><\/form>\n<\/div>\n<\/td>\n<hr \/>\n","protected":false},"excerpt":{"rendered":"<p>4\u00e8me de couverture : De nos jours, le narrateur, \u00e9minent sp\u00e9cialiste des tapis anciens de valeur, apr\u00e8s avoir contract\u00e9 le virus Covid 19, fait connaissance avec la petite mort, malaise inconnu, persistant. L\u2019\u00e9vidence est alors pour lui de retrouver Layla <a class=\"more-link\" href=\"https:\/\/www.outsiderland.com\/orpailleur2\/catalogue\/renouer-les-liens\/\">Continuer la lecture <span class=\"screen-reader-text\">  Renouer les liens<\/span><span class=\"meta-nav\">&rarr;<\/span><\/a><\/p>\n","protected":false},"author":1,"featured_media":0,"parent":1476,"menu_order":22,"comment_status":"closed","ping_status":"closed","template":"","meta":{"footnotes":""},"class_list":["post-1082","page","type-page","status-publish","hentry"],"_links":{"self":[{"href":"https:\/\/www.outsiderland.com\/orpailleur2\/wp-json\/wp\/v2\/pages\/1082","targetHints":{"allow":["GET"]}}],"collection":[{"href":"https:\/\/www.outsiderland.com\/orpailleur2\/wp-json\/wp\/v2\/pages"}],"about":[{"href":"https:\/\/www.outsiderland.com\/orpailleur2\/wp-json\/wp\/v2\/types\/page"}],"author":[{"embeddable":true,"href":"https:\/\/www.outsiderland.com\/orpailleur2\/wp-json\/wp\/v2\/users\/1"}],"replies":[{"embeddable":true,"href":"https:\/\/www.outsiderland.com\/orpailleur2\/wp-json\/wp\/v2\/comments?post=1082"}],"version-history":[{"count":0,"href":"https:\/\/www.outsiderland.com\/orpailleur2\/wp-json\/wp\/v2\/pages\/1082\/revisions"}],"up":[{"embeddable":true,"href":"https:\/\/www.outsiderland.com\/orpailleur2\/wp-json\/wp\/v2\/pages\/1476"}],"wp:attachment":[{"href":"https:\/\/www.outsiderland.com\/orpailleur2\/wp-json\/wp\/v2\/media?parent=1082"}],"curies":[{"name":"wp","href":"https:\/\/api.w.org\/{rel}","templated":true}]}}